j**2 - 2*j + 7 + j + 4*j - 2*j. Suppose 4*n + l - 73 = 0, n - 4*l + 26 = 3*n. What is the remainder when n is divided by c(0)?
5
Suppose -t - 3*u + 138 = -u, 0 = -2*t + u + 276. Let r(v) = 2*v**3 + 259*v**2 + 1125*v + 36. What is the remainder when t is divided by r(-125)?
30
Suppose 2 + 13 = 3*d, 5*g - 2*d - 130 = 0. What is the remainder when 55/(-2)*(-4 + 2) is divided by g?
27
Let j(k) = -10 + 4*k + 13 + 14 - 3*k. Suppose -z + 6*z - 5*q = 30, -5*z = -4*q - 32. What is the remainder when j(z) is divided by 14?
11
Suppose 113*f - 55 = -2*c + 116*f, -4*f = -c + 30. What is the remainder when 303 is divided by c?
17
Let i = -1307 + 1698. What is the remainder when i is divided by 36?
31
Suppose -2*o + 8 = 0, -5*m - o = 7 - 331. What is the remainder when m is divided by ((-132)/72*9)/((-1)/2)?
31
Let s = -80 + 120. Suppose 4*v + v = -5*n + 170, 0 = -2*n + 5*v + s. Let f = n + -9. What is the remainder when 62 is divided by f?
20
Let z(r) = -6*r - 11*r - 11*r - 46 + 25*r. Calculate the remainder when 155 is divided by z(-24).
25
Let s = 195 + -158. What is the remainder when s is divided by 16?
5
Suppose 5*o + 86 = 4*u, -u + 2*u = 3*o + 25. Let n = -117 - -132. Suppose -280 = -5*l - p, l - 65 = 13*p - n*p. What is the remainder when l is divided by u?
17
Suppose -4*x + 5*t = -18, 4*t = -2 - 6. Suppose -x*u + l + 47 = 0, 44 + 71 = 5*u - 2*l. What is the remainder when u is divided by 4?
1
Suppose 1967 = 113*b - 1310. Suppose 4*d = -4*p + 200, 4*d - 196 = p - 6*p. Calculate the remainder when d is divided by b.
25
Let d(t) be the third derivative of 5*t**4/24 + 7*t**3/6 + 13*t**2. Let i(o) = -o**2 + 10*o - 1. Calculate the remainder when d(8) is divided by i(9).
7
Suppose -1132 = -4*h + 1468. What is the remainder when 102 is divided by ((h/(-15))/(-5))/(4/6)?
11
Let d = -88 - -240. Let l = -15226 - -15239. Calculate the remainder when d is divided by l.
9
Suppose 3*m = -59 + 152. What is the remainder when m is divided by 8?
7
Suppose 23*s - 27*s + 36 = 0. What is the remainder when 78 is divided by s?
6
What is the remainder when ((4186/35)/13)/((-3)/(-90)) is divided by 22?
12
Suppose -2*q + 14 = -64. Calculate the remainder when q is divided by 20.
19
Let y(h) = h**3 - 4*h**2 - 24*h - 13. What is the remainder when y(9) is divided by 59?
58
Let y = 1358 + -1284. Calculate the remainder when 223 is divided by y.
1
Let x be 13/7 - (287/49 - 6). Calculate the remainder when 1/2*76 - x/(-2) is divided by 8.
7
What is the remainder when 107 is divided by 4 + 210/4 + (-1)/(-2)?
50
Let b = -352 - -386. Suppose -5*i - 256 = 4*s - 896, -5*i - s = -655. What is the remainder when i is divided by b?
30
Let c(a) = 4*a - 5 + 11*a**2 + 2*a + 3*a**3 - 14*a**2. Calculate the remainder when c(3) is divided by 34.
33
Let g(j) = -2*j**2 + 15*j + 29. What is the remainder when 44 is divided by g(8)?
2
Let r(d) = 100*d - 160. Calculate the remainder when r(5) is divided by 31.
30
Suppose 5*c + 2*q - 37 + 6 = 0, 4*c - 5*q = 5. Suppose -c*n - 4*o = -307, -37 = -3*n + 5*o + 162. Calculate the remainder when n is divided by 2/7 + 267/21.
11
Let c(w) = -w**3 + 11*w**2 + 12*w + 2. Let i be c(12). Suppose i*x - 27 = 25. What is the remainder when x is divided by -10*(1 - (-2 + 4))?
6
Let y be 15 - (4 + -6)/(-1). Let v(l) = l - 7. What is the remainder when 17 is divided by v(y)?
5
Let n(w) = -w**3 + 2*w**2 + 2*w - 1. Let x be n(3). Calculate the remainder when 21 is divided by (x/(-2) - 1)*(6 + 1).
0
Suppose -33*u + 27*u + 318 = 0. What is the remainder when u is divided by 27?
26
Let q be (-8)/44 - 70/(-22). Suppose 3*o - 2*l - 6 = -4, q*o = -2*l + 10. Let w(j) = -j**2 + 6*j - 4. Calculate the remainder when o is divided by w(5).
0
Let m = -212 - -261. Calculate the remainder when 204 is divided by m.
8
Let o be (-2 + -1)/((-9)/6). Suppose 0 = 2*n - 7*n, -o*p - 3*n + 30 = 0. Let v(f) = 2*f**2 + 14*f + 7. What is the remainder when v(-9) is divided by p?
13
Let s be 57/19 + 8 + 1. Suppose s = -r + 2*j + 4, -4*r - j = 41. What is the remainder when 3 is divided by (-14 - r)/(1*-2)?
1
Let d = 424 - 209. Suppose -4*h = i + 561, i - 29 - 115 = h. Let l = h + d. Calculate the remainder when l is divided by 25.
24
Let r(w) = w**3 + 9*w**2 + 10*w + 6. Let f be r(-8). Let h = f + 13. Let c(n) = -n**3 + 3*n**2 - n + 4. What is the remainder when h is divided by c(3)?
0
Suppose -3*c - 5*h = -1484, -2*c - 4*h + 1486 = c. What is the remainder when c is divided by 126?
120
Suppose 0 = -5*q - 2*b + 25, 2*q - 23 = q - 4*b. Let h = 29 + q. Calculate the remainder when 124 is divided by h.
28
Suppose -a + 15 = -17. Let o(u) = -2*u - 15. Calculate the remainder when a is divided by o(-13).
10
Let j = 4 - 4. Suppose j = -4*p - 5*q + 92, 0 = -3*p - 2*q + 56 + 6. What is the remainder when 55 is divided by 1*(p + 3 + -2)?
17
Let r(q) = -q**3 - 18*q**2 + 19*q + 37. Let d(m) = m**3 - m**2 + 2*m - 1. Calculate the remainder when d(5) is divided by r(-19).
35
Suppose 2*y + 2*y - 46 = 5*o, 42 = -5*o + 3*y. Calculate the remainder when o*(-11)/(66/80) is divided by 27.
26
Suppose 0*d = -3*d + 12. Suppose d*s = 2 + 10. Suppose -66 = -3*k + s*j, -4*k - 2*j + 96 = k. Calculate the remainder when 78 is divided by k.
18
Let r(c) = c**3 - 3*c**2 - 5*c + 3. Let m be r(4). What is the remainder when m - 100/(3 + -5) is divided by 2 + ((-1)/(-2))/(3/66)?
10
Let p(x) = -x**3 + 5*x**2 - 2*x + 2. Let m be p(5). Let a = m - -31. What is the remainder when a is divided by 14?
9
Let z(a) = -a + 20. Calculate the remainder when 178 is divided by z(2).
16
Let i be 2/7 + (-120)/(-21). Suppose 24*l - 17*l - 280 = 0. Suppose 5*a = -k + i*k + l, 0 = 5*k. Calculate the remainder when a is divided by 5.
3
What is the remainder when (4 - 21/5) + 1042/10 is divided by 21?
20
What is the remainder when 349 is divided by 6*(15/9 - -2)?
19
Let o be 18/(((-9)/2)/(-3)). Let q = 28 - o. What is the remainder when 62 is divided by q?
14
Let x = 95 - -82. Suppose -3*z = 3*z - 270. What is the remainder when x is divided by z?
42
Suppose 0 = -0*r + 14*r - 14. Suppose 0*t + 5*v + 11 = -3*t, 4*t + 5*v + 8 = 0. Suppose 0 = -t*h + 2 + 4. What is the remainder when h is divided by r?
0
Suppose -333 = -m - 4*i, 30*m - 25*m = 4*i + 1593. Calculate the remainder when m is divided by 84.
69
Let i = -178 + 211. What is the remainder when 156 is divided by i?
24
Suppose 0 = 4*c + c - 40. Let l(b) be the third derivative of -5*b**4/6 - 31*b**3/6 - 17*b**2. Calculate the remainder when l(-3) is divided by c.
5
Let u be (-385)/22*(-2)/5. Suppose -u*t + 28 = -0*t. Suppose -3*k - 4*s = -1 - 18, -t*k + 3*s + 67 = 0. Calculate the remainder when k is divided by 8.
5
Suppose 0*m + 3 = m. Suppose 0 = -r, 2*d - 91 - 47 = -m*r. Calculate the remainder when d is divided by 9.
6
Suppose -p + 6 = 3*r, -5*p + 0*p + 90 = 3*r. What is the remainder when 41 is divided by p?
20
Let t be (-11067)/(-6) - (-7)/(-14). Let a be t/(-7) - (-51)/119. Let c = -149 - a. What is the remainder when c is divided by 29?
27
Suppose -8*o + 450 = 10*o. Calculate the remainder when 322 is divided by o.
22
Suppose w + 5*j + 318 = 3*w, -j = 4*w - 658. Calculate the remainder when w is divided by (84/10)/((-25)/(-125)).
38
Let k be (-3)/2*(-4)/(-6). Calculate the remainder when 54 is divided by 1 - k - 13/(-1).
9
Let f = -275 - -277. Calculate the remainder when 4 is divided by f.
0
Let n(r) = -r**3 + 36*r**2 + 4*r - 109. Calculate the remainder when n(36) is divided by 33.
2
Suppose 2*k + 6*s = 2*s + 60, 0 = -s - 1. Let w = k - 14. Calculate the remainder when 195 is divided by w.
15
Suppose 0 = l + 1 - 5. Suppose -l = -s - s. Suppose s*d + 36 = o - 27, -5*o + d = -315. Calculate the remainder when o is divided by 16.
15
Let q(p) = p**3 + 26*p**2 + 24*p + 69. What is the remainder when q(-25) is divided by 19?
18
Let x(p) = -2*p + 36. What is the remainder when 17 is divided by x(14)?
1
Suppose -5*h + 4*h + 34 = 0. Suppose 0 = 5*l - 5*u - 2590, 5*l + 2*u - 2560 = u. Suppose -l + 108 = -3*o. Calculate the remainder when o is divided by h.
33
Let g be 6/(3 - 0) - -39. Suppose -5*v + 289 = -g. What is the remainder when v is divided by 0 + (-3)/(-2) - 31/(-2)?
15
Suppose 1 = 4*f - 55. Let x(a) = 5*a**2 - 2*a + 1. Let g = -8 - -6. Calculate the remainder when x(g) is divided b